+ 12*i**3 - 21*i**3 + 10*i**3 + 4*i**m. Calculate a(-4).
16
Let b be (-23)/(-4) + (-1)/(-4). Let r(s) be the second derivative of -s**3/6 - 17*s - 22. Give r(b).
-6
Let h(v) = 21*v**2 - 791*v - v**3 - 3*v**2 + 812*v - 33. Calculate h(19).
5
Let i(s) = 4*s**2 - 358*s - 2*s**2 + 363*s + 15 - s**3. What is i(4)?
3
Let g(n) = -n**2 - 27*n - 88. Let l be g(-4). Let t(q) be the third derivative of 0 + 1/24*q**l - 8*q**2 + 7/6*q**3 + 0*q. What is t(6)?
13
Suppose -120 = m + m. Let l be 3/4*m/(-18)*2. Let j(k) = k**3 - 3*k**2 - 6*k - 7. What is j(l)?
13
Let r(d) be the first derivative of -d**3/3 + 2*d**2 - 50. Determine r(3).
3
Suppose -2*z + 21 - 13 = 3*n, 0 = 3*n - 4*z - 20. Let b(w) = -w + 2. Calculate b(n).
-2
Let b(a) = -a**3 + 2*a**2 - a + 4. Let t(p) = -2*p + 8 - 34 + 7. Let o be t(-11). Determine b(o).
-8
Let z be 1 + (-2 + (-42)/3 - -3). Let t(p) = -p**2 - 10*p + 5. Determine t(z).
-19
Let z = 5 + 2. Let w(c) = -c**2 - 6*c + z*c + 11*c**2 - 2*c. Determine w(1).
9
Let l(y) be the second derivative of -17*y**5/10 + y**4/6 - y**3/6 + 11*y + 2. Give l(1).
-33
Let d(j) = j**2 - 6*j - 2. Let x = 371 + -366. Determine d(x).
-7
Let q(p) = 11*p**2 - 3*p + 4. Let v(z) = 31*z**2 - 9*z + 11. Let t(f) = 17*q(f) - 6*v(f). Determine t(-6).
20
Suppose -2*d + 18*b - 14*b = -24, 5*d + 4*b + 10 = 0. Let n be 30/12 - 2/4. Let l(o) = 2*o - n + 0*o - 1 + o**2 - o**3. Calculate l(d).
-3
Let s = -318 + 324. Let z(k) = -2*k - 4. Calculate z(s).
-16
Suppose 0 = -33*w - 280 - 116. Let t(i) = i**2 + 14*i - 5. Give t(w).
-29
Let i = 16 + -11. Suppose i*n = 3*w + 6, -w - 3*w = 4*n - 24. Let c(u) = -11*u**3 + 7*u**2 + 10*u**3 + 5 + w - 8*u. What is c(6)?
-4
Let l(a) = 5*a**3 - 5*a**2 - 3. Let t(g) = -4*g**3 + 5*g**2 + 4. Let y = 4 + 0. Let j = -39 + 42. Let n(i) = j*l(i) + y*t(i). What is n(5)?
7
Let b(v) = 1. Let l(y) = -4*y - 1. Let d(t) = 4*b(t) + l(t). Let f(r) = 4*r - 3. Let n(x) = -4*d(x) - 5*f(x). Determine n(2).
-5
Let k(b) = 11*b**3 + 16*b**2 - 2*b - 10. Let m(g) = -24*g**3 - 34*g**2 + 4*g + 21. Let v(i) = -13*k(i) - 6*m(i). Let j = 4 + -1. Calculate v(j).
1
Let p(n) = -n + 2. Let a(m) = 3*m - 6. Let d(o) = 2*a(o) + 5*p(o). Calculate d(4).
2
Let f(w) = -2*w + 11. Let j be f(8). Let t(m) = m**3 + 5*m**2 - m - 6. Let z be t(j). Let v(n) = n**2 - 2*n - 1. Calculate v(z).
2
Suppose -5*l - 12 = -7*b + 4*b, 5*l = -2*b + 33. Let r(v) = 8*v**2 + 6 + v**3 + 3 + b*v - v**2. Suppose -3*z + 30 = -8*z. Determine r(z).
-9
Let l(j) be the third derivative of j**6/120 - 7*j**5/20 + 3*j**4/4 + 8*j**3/3 + j**2 + 207*j. What is l(20)?
-24
Let x(v) be the second derivative of 1/6*v**3 + 20*v + 7/2*v**2 + 0. Calculate x(-6).
1
Let v(m) be the third derivative of -m**5/60 + 3*m**4/8 - m**3/3 - 28*m**2. Suppose -5*w + 2*b = -30, 5*b = -3*w + 32 + 17. Determine v(w).
6
Let q(s) = 2*s**2 + 3*s + 2. Let u be q(-4). Suppose 0*h = h + u. Let t be h/(-4) - 2/4. Let r(i) = -i**2 + 7*i - 5. Calculate r(t).
5
Let w(m) be the second derivative of -m**4/12 + 2*m**3/3 + 3*m**2 - 4*m + 1. Suppose -5*l = -0*l - 35. Suppose 0 = 2*z - l - 5. Give w(z).
-6
Let x(m) = -3*m - 1. Let l(z) = z**3 + 15*z**2 - 34*z - 1. Let c be l(-17). Let k be ((4 + (3 - 2))*c)/1. What is x(k)?
14
Let g(h) = -2*h - 8. Let r be ((-120)/70)/(2/(-21)). Let x = -21 + r. Let d = -4 + x. Give g(d).
6
Let l be 9/(-27) - (-2)/(-3). Let f(r) be the third derivative of 17*r**2 - 5/24*r**4 + 0*r + 0 + 0*r**3. Determine f(l).
5
Let x = -33 + 16. Let b(g) = g + 21. What is b(x)?
4
Suppose -5*y + 2*y + 17 = 4*r, 5*r - 3*y = 1. Suppose 3*z + r*h + 2 = -8, 0 = 3*z + 3*h + 12. Let n(b) = b**2 + b. Calculate n(z).
2
Let t(j) = 4*j**3 - j**2 + 2*j - 2. Let u be (-7)/((-14)/4) + -6. Let c be 3/9*15 + u. Let k be t(c). Let l(f) = f - 2. Calculate l(k).
1
Let u(n) = 8*n + 1. Let l be (45/(-12) - -4)/((-2)/(-8)). Calculate u(l).
9
Let b(v) = 1. Let k = 70 - 75. Let u(n) = 8*n**2 + n - 5. Let c(r) = k*b(r) - u(r). What is c(-1)?
-7
Suppose 4 + 4 = -4*x - 4*u, -12 = 2*x + 4*u. Let b(j) = j**2 - 6*j + 3. What is b(x)?
-5
Suppose 3*v = 8 + 4. Suppose -3*k - v*i = -9, 4*i + 5 = -2*k + k. Let o(b) = -b**3 + 8*b**2 - 7*b + 10. Calculate o(k).
10
Let g(p) = p - 10. Let s be g(7). Let u(y) = y**3 + 7*y**2 + 4*y - 4. Let k(d) = -d**3 - 8*d**2 - 5*d + 4. Let n(t) = 3*k(t) + 4*u(t). Determine n(s).
2
Let i(z) = -z**2 + 3*z - 7. Let n be i(7). Let m = 38 + n. Let q(d) be the first derivative of 3*d**2/2 - 4*d - 1. Give q(m).
5
Let z(l) = -3*l**2 + 2*l. Let u(q) = -q**2 + q - 1. Let k(g) = 2*u(g) - 2*z(g). Let y be 4*(-2)/8*-2. Give k(y).
10
Let n(l) be the first derivative of l**3/6 - 3*l**2/2 - 3*l - 13. Let r(h) be the first derivative of n(h). Give r(0).
-3
Let f(k) = 8*k**2 - 10 + 12*k**2 + 5*k**2 - 24*k**2 + 9*k. Calculate f(-9).
-10
Let l(z) = z**3 + 6*z**2 + 8*z + 5. Let a(g) = g**2 - 10*g - 29. Let x be a(12). Give l(x).
-10
Let d(c) be the first derivative of -c**3/3 - 2*c**2 + 6*c + 3. Suppose 4*k = -4*j, k + 2 = 3*j + 2*k. Let r be 315/(-21)*j/((-10)/(-4)). Calculate d(r).
-6
Let p(j) = -6*j - 132. Let u be p(-23). Let q(o) = -o + 20. Calculate q(u).
14
Let l = 15 - 17. Let m(i) = 2*i**2 - 7*i + 5. Let a(u) = u**2 - 3*u + 2. Let d(n) = -7*a(n) + 3*m(n). Give d(l).
-3
Let q(p) be the second derivative of p**3/6 + p**2 + 19*p + 2. Calculate q(-7).
-5
Let i(p) = -2*p + 4. Suppose -4*a + 11*a - 21 = 0. Let r be (-3)/(-4 - (-1 + (1 - a))). Give i(r).
-2
Let g(z) = z**3 + z**2 - z + 2. Let a be g(0). Suppose -3*i = -6*i, -a*i - 10 = -5*y. Let n(f) = -3*f**2 + 2. Calculate n(y).
-10
Let y(h) = -3*h**2 + h**3 - 1936 - 3*h + 8*h**2 + 1955 - 4*h + 4*h. Give y(-6).
1
Let h(u) = -6*u**2 + u + 1. Let f(l) = 25*l**2 - 2*l - 9. Let p(z) = -f(z) - 4*h(z). Calculate p(-7).
-30
Suppose 10*h - 9*h + 18 = 5*j, 2*h = -3*j + 3. Let y(v) be the second derivative of 0 + 5*v + 0*v**2 - 2/3*v**j. What is y(-1)?
4
Let p be 26/6 - (-4)/(-12). Let n be 8/(-10)*(1 + p). Let b(c) = -4 + 140*c - 142*c + 3. What is b(n)?
7
Suppose 0*x + x = 0. Let m(c) be the second derivative of -2*c + 0 + 1/12*c**4 + 1/6*c**3 - 5/2*c**2. Calculate m(x).
-5
Let x(o) be the second derivative of -o**3/3 - 3*o**2 + 107*o + 3. Give x(-9).
12
Suppose -5*l + 14 = -26. Suppose -l*y = 4*y - 36. Let m(f) = f**3 - 2*f**2 - 3*f + 3. Determine m(y).
3
Let a(c) be the third derivative of 5/8*c**4 - 1/6*c**3 + 0*c + 2*c**2 + 0. Determine a(-1).
-16
Let s(y) = -y - 3. Let b be (-7 - 2)*2/3. Let u be s(b). Let t(l) be the second derivative of l**5/20 - l**4/12 - l**3/2 + 3*l**2/2 + 11*l. What is t(u)?
12
Suppose 2*s + 1 - 5 = 0. Let y(u) = 39 - 18 + 2*u**2 - 3*u - 12 - 9. Determine y(s).
2
Let c = 322 + -314. Let d(n) = 2*n - 7. Give d(c).
9
Suppose 2*d = x + 10, -d + 19 + 0 = -4*x. Let v(o) = 5 + 3*o**2 - o**d + o - 2 + 1. Let u be 2 + (1 - 2 - -3). Determine v(u).
-8
Suppose -w + 6*w - 30 = 0. Let h(f) be the third derivative of -f**5/60 + f**4/12 + f**3 + 6*f**2. What is h(w)?
-18
Let v(b) = b**3 + 3*b**2 - 8*b - 3. Let j(o) = o**2 + 21*o + 85. Let q be j(-6). Give v(q).
-13
Let p(n) = -5*n - 57. Let m(x) = -x - 11. Let y(u) = 12*m(u) - 3*p(u). Give y(-10).
9
Let c(k) = 4*k + 109 + 114 - 329 + 106. Give c(5).
20
Let y = 31 - 25. Suppose 0 = 26*t - 28*t + y. Let j(a) = -3*a + 2 - t + 2. What is j(2)?
-5
Let d(p) = 0 + 5244*p**3 + 5 + p**2 - 5243*p**3 - 3. Suppose -5*a + 3*v - 3 = 0, -2 = -a - 5*v + 3. Give d(a).
2
Let v be (-1)/(1 - (-5)/(-4)). Let w(p) = 8*p + 16. Let j(y) = -17*y - 35. Let x(m) = -6*j(m) - 13*w(m). What is x(v)?
-6
Let n(f) = 3*f - 2*f + 29 - 4*f - f. Let t(i) = -i + 7. Let b(l) = -2*n(l) + 9*t(l). Calculate b(9).
-4
Let g(a) = -a - 6. Let v(n) = 5*n + 31. Let y(d) = 2*d**2. Let k be y(1). Suppose l - 3 = 2*r, -r + k + 2 = 0. Let b(m) = l*g(m) + 2*v(m). Give b(4).
-8
Suppose -a - 135 = -16*a. Let y(t) = 2*t**3 - 17*t**2 - 11*t + 12. Calculate y(a).
-6
Suppose -2*i + 0 = -12. Let p(j) = -1. Let a(n) = n + 8. Let r be (-3)/(-4) + 7/(-4). Let x(k) = r*a(k) - 4*p(k). What is x(i)?
-10
Let j(f) = f + 4. Suppose -y + 41 = 2*z, -5*z - 2*y - 2*y = -101. Suppose m + 4*m - 4*c + 126 = 0, 0 = 2*m + 4*c + 56. Let q = z + m. Give j(q).
-1
Let b(x) = -x**3 - 7*x**2 - 6*x + 4. Let t = -57 - -63. Let p be (3 - 1)/(-4 - -6). Let y be (-1)/(1/p)*t. Calculate b(y).
4
Let n(v) be the third derivative of -